se 4) to base 2.
-1001010
What is 7 (base 11) in base 5?
12
Convert -11 (base 15) to base 14.
-12
Convert 34 (base 15) to base 2.
110001
What is -55 (base 7) in base 2?
-101000
What is -403 (base 9) in base 16?
-147
What is 25 (base 12) in base 11?
27
Convert -3 (base 8) to base 9.
-3
Convert 1 (base 8) to base 7.
1
What is -4 (base 14) in base 10?
-4
Convert -1 (base 4) to base 7.
-1
Convert 2023 (base 5) to base 10.
263
2 (base 15) to base 6
2
-2 (base 5) to base 14
-2
Convert 3 (base 7) to base 9.
3
-10 (base 5) to base 14
-5
Convert -6 (base 13) to base 8.
-6
Convert -133 (base 5) to base 15.
-2d
Convert -1 (base 9) to base 16.
-1
2 (base 11) to base 5
2
Convert 60 (base 9) to base 3.
2000
10 (base 5) to base 13
5
What is 341 (base 10) in base 12?
245
Convert 4 (base 12) to base 2.
100
2 (base 9) to base 8
2
What is -12 (base 11) in base 2?
-1101
What is 106 (base 11) in base 5?
1002
103 (base 4) to base 5
34
Convert -1 (base 5) to base 14.
-1
Convert -1 (base 10) to base 5.
-1
What is -1010 (base 2) in base 4?
-22
Convert -25 (base 16) to base 7.
-52
Convert -13 (base 14) to base 13.
-14
What is -2 (base 13) in base 4?
-2
172 (base 11) to base 8
310
1 (base 10) to base 13
1
Convert -23 (base 11) to base 5.
-100
-2 (base 16) to base 3
-2
1 (base 6) to base 3
1
Convert -22 (base 6) to base 14.
-10
What is 2 (base 6) in base 11?
2
-1030 (base 6) to base 4
-3222
What is -1100011 (base 2) in base 13?
-78
102 (base 5) to base 7
36
-114 (base 10) to base 4
-1302
0 (base 6) to base 3
0
Convert -4 (base 6) to base 13.
-4
-11 (base 9) to base 15
-a
0 (base 4) to base 8
0
What is 0 (base 9) in base 13?
0
Convert -1 (base 4) to base 5.
-1
Convert 69 (base 16) to base 13.
81
-45 (base 6) to base 3
-1002
-19 (base 14) to base 2
-10111
Convert 7 (base 8) to base 13.
7
-10 (base 2) to base 11
-2
What is -2 (base 7) in base 11?
-2
What is 31 (base 9) in base 15?
1d
-2 (base 15) to base 6
-2
Convert 6 (base 15) to base 11.
6
7 (base 12) to base 13
7
22 (base 11) to base 4
120
What is -3 (base 5) in base 8?
-3
1 (base 5) to base 9
1
Convert -1 (base 6) to base 4.
-1
What is -351 (base 7) in base 10?
-183
What is 14 (base 13) in base 8?
21
Convert 2 (base 13) to base 12.
2
10 (base 12) to base 5
22
-111 (base 9) to base 12
-77
7 (base 12) to base 10
7
0 (base 16) to base 12
0
What is 9 (base 11) in base 9?
10
110 (base 14) to base 6
550
-424 (base 9) to base 12
-24a
Convert 1c0 (base 14) to base 2.
101101100
Convert 19 (base 16) to base 9.
27
b0 (base 14) to base 4
2122
What is -72 (base 14) in base 5?
-400
-153 (base 8) to base 6
-255
-5 (base 13) to base 15
-5
What is 10 (base 8) in base 15?
8
-4 (base 8) to base 7
-4
What is 7 (base 13) in base 8?
7
What is 80 (base 10) in base 13?
62
Convert -20 (base 16) to base 13.
-26
What is -196 (base 11) in base 16?
-e2
What is 0 (base 16) in base 9?
0
What is -11 (base 2) in base 3?
-10
10 (base 4) to base 2
100
-4 (base 15) to base 4
-10
0 (base 8) to base 12
0
What is 200 (base 3) in base 10?
18
Convert -5 (base 15) to base 9.
-5
-29 (base 12) to base 9
-36
Convert 2 (base 12) to base 3.
2
What is 1 (base 3) in base 10?
1
What is 302 (base 6) in base 11?
a0
-48 (base 9) to base 8
-54
3 (base 12) to base 8
3
Convert 1010010 (base 2) to base 12.
6a
-13 (base 7) to base 10
-10
What is 100111 (base 2) in base 15?
29
What is -2a (base 16) in base 13?
-33
Convert 1d (base 16) to base 12.
25
2 (base 14) to base 11
2
What is -25 (base 16) in base 5?
-122
-9 (base 15) to base 10
-9
4 (base 8) to base 10
4
What is 272 (base 8) in base 7?
354
-36 (base 12) to base 13
-33
94 (base 14) to base 2
10000010
What is -3 (base 8) in base 15?
-3
-4 (base 8) to base 10
-4
Convert 30 (base 12) to base 4.
210
Convert 55 (base 12) to base 4.
1001
Convert 124 (base 5) to base 11.
36
What is 27 (base 16) in base 15?
29
Convert -18 (base 16) to base 9.
-26
Convert 3313 (base 4) to base 9.
304
5 (base 8) to base 6
5
Convert -16 (base 9) to base 15.
-10
Convert 56 (base 15) to base 11.
74
Convert -2 (base 14) to base 16.
-2
Convert 4 (base 6) to base 7.
4
2 (base 14) to base 15
2
222 (base 11) to base 2
100001010
Convert -11101010 (base 2) to base 7.
-453
-2 (base 8) to base 5
-2
Convert 0 (base 12) to base 15.
0
Convert 53 (base 14) to base 5.
243
Convert -16c (base 15) to base 2.
-101000111
54 (base 11) to base 14
43
What is 6 (base 7) in base 15?
6
-2102 (base 3) to base 14
-49
Convert 1111 (base 2) to base 9.
16
What is 4 (base 11) in base 4?
10
What is 5 (base 11) in base 15?
5
Convert -2 (base 12) to base 9.
-2
160 (base 9) to base 13
a5
What is 11 (base 7) in base 14?
8
8a (base 11) to base 13
77
What is -10 (base 3) in base 9?
-3
What is -1 (base 13) in base 4?
-1
5 (base 11) to base 8
5
4 (base 9) to base 12
4
Convert -100 (base 2) to base 11.
-4
-2 (base 10) to base 5
-2
-38 (base 15) to base 13
-41
Convert -102 (base 3) to base 7.
-14
-4 (base 11) to base 15
-4
Convert 38 (base 10) to base 7.
53
100 (base 2) to base 16
4
81 (base 11) to base 7
155
What is 140 (base 7) in base 9?
85
Convert 11 (base 2) to base 16.
3
What is 0 (base 2) in base 6?
0
What is 13 (base 6) in base 8?
11
What is 4 (base 10) in base 7?
4
What is 12 (base 13) in base 6?
23
Convert -10 (base 3) to base 10.
-3
Convert 3 (base 12) to base 3.
10
-10 (base 4) to base 6
-4
-25 (base 12) to base 8
-35
Convert -4 (base 5) to base 15.
-4
What is 4 (base 14) in base 5?
4
-8 (base 12) to base 11
-8
Convert 68 (base 14) to base 2.
1011100
6 (base 10) to base 5
11
Convert 124 (base 5) to base 3.
1110
What is 24 (base 12) in base 5?
103
What is -197 (base 14) in base 7?
-650
What is -13 (base 13) in base 15?
-11
-4 (base 10) to base 13
-4
What is a (base 11) in base 8?
12
What is -1 (base 9) in base 3?
-1
0 (base 8) to base 10
0
24 (base 14) to base 5
112
-3 (base 15) to base 13
-3
What is 36 (base 7) in base 13?
21
78 (base 15) to base 14
81
What is 33 (base 5) in base 4?
102
What is 0 (base 11) in base 15?
0
Convert 13 (base 15) to base 7.
24
Convert 12 (base 6) to base 5.
13
What is 432 (base 8) in base 10?
282
Convert b (base 12) to base 10.
11
Convert 1cb (base 13) to base 7.
660
Convert -1101 (base 2) to base 10.
-13
What is 1 (base 14) in base 13?
1
Convert 1 (base 9) to base 12.
1
Convert 0 (base 7) to base 3.
0
What is 23 (base 8) in base 3?
201
What is -91 (base 12) in base 7?
-214
Convert -310 (base 4) to base 8.
-64
What is 10 (base 11) in base 14?
b
Convert 5 (base 13) to base 16.
5
Convert -12a (base 13) to base 9.
-247
Convert -b (base 16) to base 10.
-11
100 (base 10) to base 5
400
Convert 2 (base 16) to base 6.
2
44 (base 13) to base 11
51
Convert 3 (base 12) to base 16.
3
Convert -1a (base 15) to base 4.
-121
What is -30 (base 5) in base 9?
-16
What is -22022 (base 3) in base 5?
-1344
What is -33 (base 4) in base 8?
-17
Convert 11 (base 4) to base 11.
5
Convert -5d (base 16) to base 15.
-63
Convert 53 (base 13) to base 11.
62
41 (base 12) to base 7
100
What is 10 (base 7) in base 15?
7
0 (base 8) to base 14
0
Convert 24 (base 7) to base 14.
14
Convert 13 (base 7) to base 6.
14
What is -35 (base 8) in base 16?
-1d
What is -23 (base 5) in base 8?
-15
What is 0 (base 10) in base 6?
0
What is 40 (base 16) in base 13?
4c
Convert -42 (base 5) to base 8.
-26
-508 (base 9) to base 10
-413
1 (base 10) to base 9
1
-8 (base 10) to base 15
-8
-10 (base 2) to base 8
-2
What is 1 (base 2) in base 14?
1
What is 7 (base 8) in base 6?
11
What is 112 (base 3) in base 14?
10
10 (base 10) to base 13
a
What is -1b (base 15) in base 3?
-222
-11 (base 8) to base 2
-1001
-5 (base 7) to base 16
-5
Convert 1001 (base 2) to base 10.
9
What is 1 (base 7) in base 9?
1
-26 (base 9) to base 3
-220
What is 2 (base 12) in base 10?
2
Convert 15 (base 7) to base 16.
c
What is -1011110 (base 2) in base 10?
-94
Convert -a3 (base 16) to base 7.
-322
Convert -61 (base 13) to base 2.
-1001111
2 (base 13) to base 5
2
Convert 111010 (base 2) to base 12.
4a
60 (base 10) to base 11
55
4 (base 6) to base 10
4
What is 173 (base 10) in base 4?
2231
What is -4 (base 14) in base 13?
-4
-6a (base 11) to base 14
-56
What is 72 (base 9) in base 14?
49
Convert 20 (base 7) to base 8.
16
What is 4 (base 14) in base 6?
4
-10101 (base 2) to base 9
-23
What is 170 (base 9) in base 8?
220
What is a (base 